q**3 + 4*q**2 + 10*q + 5. Determine g(-1).
-467
Let u(k) = 9*k + 31. Calculate u(-4).
-5
Let o(i) = -36*i - 491. Give o(-13).
-23
Let c(l) = -l**2 + 87*l - 616. What is c(8)?
16
Let l(i) = -i**3 + 13*i**2 + 44*i + 35. Calculate l(16).
-29
Let o(c) = -10*c**3 + 46*c**2 - 27*c - 4. What is o(3)?
59
Let u(q) = -2*q**3 + 45*q**2 - 30*q + 37. What is u(22)?
-139
Let z(i) = -i**2 - 24*i + 1087. Calculate z(23).
6
Let t(u) = -u**3 + 3*u**2 + 17*u - 62. Give t(5).
-27
Let h(j) = j**3 + 33*j**2 - 661*j - 33. What is h(14)?
-75
Let x(z) = 4*z + 7. Determine x(27).
115
Let f(z) = -z**3 + 13*z**2 + 134*z + 714. Calculate f(21).
0
Let q(h) = 396*h + 28120. Give q(-71).
4
Let q(r) = 4*r + 112. Determine q(-34).
-24
Let q(j) = 128*j - 3817. Determine q(30).
23
Let r(k) = 12*k**2 - 549*k - 134. What is r(46)?
4
Let d(r) = -3*r + 90. Determine d(2).
84
Let t(d) = -3*d**2 - 2552*d - 17721. Calculate t(-7).
-4
Let m(y) = -y**3 - 102*y**2 + 13*y + 1320. Determine m(-102).
-6
Let m(i) = -2*i**3 - 29*i**2 - 91*i + 87. What is m(-7)?
-11
Let p(d) = -d**3 - 46*d**2 - 404*d + 16. Calculate p(-12).
-32
Let w(a) = 105*a - 1166. What is w(11)?
-11
Let l(d) = 8*d**3 - 14*d**2 - 170*d + 336. Determine l(2).
4
Let t(o) = -o**3 + 18*o**2 + o - 46. Determine t(18).
-28
Let i(o) = 2*o**3 + 10*o**2 + o - 40. Give i(-5).
-45
Let z(c) = -3*c + 329. What is z(94)?
47
Let u(y) = -7*y**2 - 54*y - 4. Give u(-7).
31
Let w(i) = i**3 - 11*i**2 - 5*i + 153. What is w(10)?
3
Let p(q) = -582*q + 1118. Determine p(3).
-628
Let d(q) = 35*q - 2032. Determine d(58).
-2
Let m(l) = -12132*l + 109182. What is m(9)?
-6
Let m(r) = -17*r + 279. Determine m(7).
160
Let q(n) = -2*n**2 + 17*n - 49. Give q(3).
-16
Let z(y) = -39*y + 631. Determine z(18).
-71
Let z(t) = -284*t - 84. Determine z(-1).
200
Let a(u) = -3*u**3 - 38*u**2 + 23*u + 138. Give a(-13).
8
Let p(b) = b**2 + 4*b + 129. Calculate p(-18).
381
Let z(l) = -154*l + 16320. Give z(106).
-4
Let i(g) = -g**3 + 32*g**2 - 136*g + 30. What is i(27)?
3
Let d(p) = p**2 - 204*p - 828. Calculate d(-4).
4
Let j(u) = 7*u**2 - 370*u - 68. Determine j(53).
-15
Let a(g) = g**3 + 18*g**2 + 170*g + 1362. Determine a(-13).
-3
Let l(m) = -m**3 + 90*m**2 - 87*m + 80. What is l(89)?
258
Let f(j) = 2*j**2 - 90*j + 610. Give f(37).
18
Let y(i) = 2*i**3 - 22*i**2 - 72*i + 924. Calculate y(10).
4
Let m(v) = -262*v - 2099. What is m(-8)?
-3
Let q(j) = -j**3 + 39*j**2 - 83*j + 342. What is q(37)?
9
Let r(h) = -34*h**2 - 9*h - 9. Give r(-1).
-34
Let o(r) = -153*r + 2744. Calculate o(18).
-10
Let s(k) = 6*k**2 - 10*k + 26. What is s(3)?
50
Let t(q) = -q**3 - 49*q**2 - 130*q + 368. Calculate t(-46).
0
Let a(r) = 27*r - 1250. Calculate a(48).
46
Let r(s) = s**3 - 27*s**2 - 81*s + 1288. What is r(28)?
-196
Let s(j) = -2*j**2 + 41*j + 98. What is s(30)?
-472
Let j(v) = -4*v**3 - 24*v**2 - 16*v + 20. Give j(-5).
0
Let o(l) = -10*l + 792. What is o(79)?
2
Let u(s) = -2*s**2 - 29*s + 332. Give u(-22).
2
Let j(q) = q**3 - 15*q**2 + 27*q - 52. What is j(12)?
-160
Let p(y) = y**2 + 21*y - 1921. Determine p(36).
131
Let z(n) = -468*n - 2617. What is z(-6)?
191
Let b(r) = -4*r**3 + 8*r**2 - r + 3. What is b(2)?
1
Let k(g) = 2*g**2 - 1510*g - 40606. Calculate k(-26).
6
Let u(p) = -7*p**3 - 177*p**2 + 356*p - 8. Give u(2).
-60
Let h(z) = z**2 + 364*z + 7195. What is h(-21)?
-8
Let y(s) = -20*s - 12. What is y(-13)?
248
Let g(h) = 13*h**2 - 535*h + 81. Determine g(41).
-1
Let b(j) = -j**3 + 10*j**2 + 12*j + 21. Calculate b(12).
-123
Let b(s) = -5*s**3 + 32*s**2 + 17*s - 178. Give b(6).
-4
Let g(l) = -6*l - 22. Calculate g(-5).
8
Let t(o) = -377*o + 6793. Calculate t(19).
-370
Let d(t) = -19*t**3 + 34*t**2 - 144*t + 11. Calculate d(4).
-1237
Let a(f) = f**2 - f - 110. Determine a(0).
-110
Let j(z) = 435*z**2 + 5*z - 9. Give j(1).
431
Let g(i) = 91*i + 640. Give g(-7).
3
Let n(g) = 5*g**2 - 56*g + 41. Give n(0).
41
Let d(x) = x**3 + 30*x**2 + 90*x + 235. Give d(-27).
-8
Let u(y) = -y**2 + 3*y + 24. Calculate u(0).
24
Let l(j) = -6*j**2 - 107*j - 25. Calculate l(-16).
151
Let p(r) = r**3 + 19*r**2 - 51*r - 32. What is p(-21)?
157
Let r(d) = 11*d + 4. Give r(-2).
-18
Let h(j) = -j**3 + 56*j**2 + 119*j - 228. Calculate h(58).
-54
Let g(y) = -6*y**3 + 20*y**2 - 50*y + 132. What is g(3)?
0
Let k(j) = 27*j - 566. Calculate k(23).
55
Let l(u) = 5*u**3 - 8*u**2 - 58*u + 185. Determine l(3).
74
Let b(n) = -4*n**3 - 36*n**2 + 2*n + 31. What is b(-9)?
13
Let n(s) = -43*s**2 + 287*s - 160. Calculate n(6).
14
Let q(v) = 494*v + 1976. Calculate q(-4).
0
Let u(j) = -j**3 - 79*j**2 + 772*j + 49405. Calculate u(-81).
-5
Let p(d) = -d**2 + 62*d + 1687. Calculate p(82).
47
Let l(u) = 14*u**2 + 5*u - 131. What is l(0)?
-131
Let r(z) = -z**2 + 68*z - 192. Determine r(65).
3
Let f(t) = -2*t**2 + t + 88. Give f(-9).
-83
Let k(x) = x**3 + 65*x**2 + 62*x - 128. What is k(-64)?
0
Let w(o) = o**3 - 33*o**2 - 149*o + 37. Calculate w(37).
0
Let s(j) = -j**3 - 61*j**2 - 801*j + 393. Determine s(-20).
13
Let y(d) = -306*d**3 - 82*d - 82. Determine y(-1).
306
Let z(r) = -3*r**2 - 2183*r - 4359. Determine z(-2).
-5
Let x(d) = -5*d**3 - 68*d**2 - 389. What is x(-14)?
3
Let i(q) = -q**3 + 9*q**2 - 7*q. Give i(9).
-63
Let b(u) = -58*u - 134. Determine b(-3).
40
Let l(p) = 4*p**3 - 35*p**2 + 57*p + 63. Calculate l(4).
-13
Let x(j) = -4*j**2 - 5*j + 137. Determine x(5).
12
Let a(l) = -l**2 + 45*l - 396. Calculate a(33).
0
Let x(u) = u**3 + 24*u**2 + 219*u + 661. Give x(-6).
-5
Let n(c) = 3*c**3 + 22*c**2 - 58*c + 694. Calculate n(-11).
1
Let b(x) = -32*x - 2. What is b(-5)?
158
Let v(q) = -2*q**2 + 18*q + 144. Determine v(14).
4
Let g(s) = 13*s + 240. Determine g(-19).
-7
Let v(p) = -p**3 - 13*p**2 + 13*p - 62. Determine v(-15).
193
Let h(z) = z**2 - 82*z + 1385. Give h(58).
-7
Let m(l) = -l**3 + 4*l**2 + 33*l - 3. What is m(-4)?
-7
Let y(q) = 93*q - 3812. What is y(41)?
1
Let l(z) = -4*z - 7. Give l(-4).
9
Let u(n) = -3*n**2 + 493*n + 318. What is u(165)?
-12
Let f(h) = h**3 - 6*h**2 + 2*h + 21. What is f(4)?
-3
Let g(i) = -2*i**3 - 30*i**2 + 74*i + 662. Give g(-16).
-10
Let w(o) = o**3 - 6*o**2 + 13*o - 9. Give w(4).
11
Let z(r) = -2*r**3 - 95*r**2 - 40*r + 75. Calculate z(-47).
-254
Let c(j) = -251*j + 1274. Give c(5).
19
Let v(j) = 3*j**3 - 107*j**2 - 268*j + 75. What is v(38)?
-1
Let f(c) = c**3 + 10*c**2 + 13. Give f(-7).
160
Let f(w) = 48*w**2 - 277*w - 74. Calculate f(6).
-8
Let c(l) = l**3 + l**2 + 2*l - 3. Calculate c(-4).
-59
Let q(n) = n**2 + 12*n - 3332. Determine q(52).
-4
Let n(a) = -a**3 + 42*a**2 + 39*a + 156. Calculate n(43).
-16
Let u(k) = -408*k - 3262. What is u(-8)?
2
Let f(z) = -3*z**2 + 130*z - 291. Give f(41).
-4
Let z(x) = 34*x - 5. What is z(5)?
165
Let x(v) = 78*v + 8678. Give x(-111).
20
Let p(n) = -n**2 - 29*n + 118. Determine p(-28).
146
Let a(p) = -96*p - 1818. Determine a(-19).
6
Let l(t) = 3*t**2 - 142*t + 22. Calculate l(47).
-25
Let u(q) = q**3 + 29*q**2 + q - 1435. What is u(-27)?
-4
Let v(n) = n**2 - 43*n - 12875. Determine v(-94).
3
Let q(b) = -b**3 - 8*b**2 + 17*b - 11. Give q(3).
-59
Let k(b) = -6*b**3 - 201*b**2 + 99*b - 107. What is k(-34)?
-5
Let z(g) = -g**2 + 90*g - 547. Give z(6).
-43
Let f(a) = 2*a**3 + 136*a**2 + 120*a - 1082. Give f(-67).
-144
Let c(a) = -a**2 - 262*a - 1528. Determine c(-6).
8
Let d(b) = -28*b**2 - 1374*b - 68. Determine d(-49).
30
Let y(z) = 4*z**3 - 25*z**2 - 55*z + 380. Calculate y(6).
14
Let p(h) = -2*h**3 - 85*h**2 + 54*h - 3414. Calculate p(-44).
18
Let p(s) = 221*s - 2890. What is p(13)?
-17
Let l(i) = 14*i**3 - 1460*i**2 + 416*i + 5. Determine l(104).
5
Let f(o) = -42*o - 838. Give f(-20).
2
Let n(c) = -2*c**2 + 18*c - 20. Calculate n(14).
-160
Let u(k) = 14*k**2 - 38. Calculate u(-3).
88
Let z(y) = 4*y**3 + 23*y**2 + 13*y - 11. Determine z(-1).
-5
Let i(b) = 2*b**2 - 42*b - 30. What is i(22)?
14
Let n(o) = o**3 - 38*o**2 + 28*o + 251. Calculate n(37).
-82
Let y(q) = -626*q + 20038. What is y(32)?
6
Let t(r) = 4437*r - 35466. Give t(8).
30
Let c(o) = 587*o + 1222. Calculate c(-2).
48
Let n(t) = -t**3 - 34*t**2 - 37*t - 114. Determine n(-33).
18
Let n(z) = -1150*z - 13821. Give n(-12).
-21
Let k(w) = 41*w**3 - 3*w**2 - 16*w + 31. Give k(2).
315
Let f(l) = -45*l**3 - 23*l**2 - 1. Give f(-1).
21
Let c(p) = 3*p**2 + 33*p + 71. Determine c(-2).
17
